{"id":8067,"date":"2022-03-11T11:06:14","date_gmt":"2022-03-11T09:06:14","guid":{"rendered":"http:\/\/coldex.fi\/fi\/?post_type=product&#038;p=8067"},"modified":"2022-03-11T15:08:19","modified_gmt":"2022-03-11T13:08:19","slug":"combi-as25","status":"publish","type":"product","link":"https:\/\/kk.coldex.fi\/fi\/kauppa\/uncategorized\/combi-as25\/","title":{"rendered":"COMBI AS25"},"content":{"rendered":"<table width=\"128\">\n<tbody>\n<tr>\n<td colspan=\"2\" width=\"128\">Omakoneellinen k\u00e4ytetty ja kunnostettu kombipakastin Carrier Compilon 1985G &#8211; kaappipakastin + pakasteallas yhdistelm\u00e4.<\/td>\n<\/tr>\n<tr>\n<td>\u2022 Valmistusvuosi 2011-2013<\/td>\n<\/tr>\n<tr>\n<td>\u2022 Valaistut s\u00e4ilytystilat<\/td>\n<\/tr>\n<tr>\n<td>\u2022 3 lasiovea<\/td>\n<\/tr>\n<\/tbody>\n<\/table>\n<h4><\/h4>\n","protected":false},"excerpt":{"rendered":"<p>Propane vertical top merchandiser COMBI AS25 for frozen products<br \/>\nEnhances the attractiveness and order in the freezer shelf<br \/>\nIn combination with the freezer cabinets, they allow you to have a vertical display of the frozen product, increasing its visual appeal while maintaining the sale of bulk or bagged product in the lower cabinet<br \/>\nLenght: 2500 mm (4 doors)<\/p>\n<p>&nbsp;<\/p>\n<p>Ulkomitat: P1150 x S880 x K2500 mm<\/p>\n<p>L\u00e4mp\u00f6tila-alue: -15.. -25\u00b0C<\/p>\n<p>Tilavuus: 1175 L<\/p>\n<p>Paino: 415 kg<\/p>\n<p><a href=\"https:\/\/kk.coldex.fi\/fi\/wp-content\/uploads\/vectors\/pakastekaluste.png\"><img decoding=\"async\" loading=\"lazy\" class=\"alignnone wp-image-3153\" title=\"pakastekaluste\" src=\"https:\/\/kk.coldex.fi\/fi\/wp-content\/uploads\/vectors\/pakastekaluste-80x80.png\" alt=\"pakastekaluste\" width=\"65\" height=\"65\" srcset=\"https:\/\/kk.coldex.fi\/fi\/wp-content\/uploads\/vectors\/pakastekaluste-80x80.png 80w, https:\/\/kk.coldex.fi\/fi\/wp-content\/uploads\/vectors\/pakastekaluste-300x300.png 300w, https:\/\/kk.coldex.fi\/fi\/wp-content\/uploads\/vectors\/pakastekaluste-100x100.png 100w, https:\/\/kk.coldex.fi\/fi\/wp-content\/uploads\/vectors\/pakastekaluste.png 353w\" sizes=\"(max-width: 65px) 100vw, 65px\" \/><\/a> \u00a0<a href=\"https:\/\/kk.coldex.fi\/fi\/wp-content\/uploads\/vectors\/omakoneellinen.png\"><img decoding=\"async\" loading=\"lazy\" class=\"alignnone wp-image-3152\" title=\"omakoneellinen\" src=\"https:\/\/kk.coldex.fi\/fi\/wp-content\/uploads\/vectors\/omakoneellinen-80x80.png\" alt=\"omakoneellinen\" width=\"65\" height=\"65\" srcset=\"https:\/\/kk.coldex.fi\/fi\/wp-content\/uploads\/vectors\/omakoneellinen-80x80.png 80w, https:\/\/kk.coldex.fi\/fi\/wp-content\/uploads\/vectors\/omakoneellinen-300x300.png 300w, https:\/\/kk.coldex.fi\/fi\/wp-content\/uploads\/vectors\/omakoneellinen-100x100.png 100w, https:\/\/kk.coldex.fi\/fi\/wp-content\/uploads\/vectors\/omakoneellinen.png 354w\" sizes=\"(max-width: 65px) 100vw, 65px\" \/><\/a>\u00a0\u00a0<a href=\"https:\/\/kk.coldex.fi\/fi\/wp-content\/uploads\/vectors\/automaattinen_sulatusj\u00e4rjestelm\u00e4.png\"><img decoding=\"async\" loading=\"lazy\" class=\"alignnone wp-image-3139\" title=\"automaattinen_sulatusj\u00e4rjestelm\u00e4\" src=\"https:\/\/kk.coldex.fi\/fi\/wp-content\/uploads\/vectors\/automaattinen_sulatusj\u00e4rjestelm\u00e4-80x80.png\" alt=\"automaattinen_sulatusj\u00e4rjestelm\u00e4\" width=\"65\" height=\"65\" srcset=\"https:\/\/kk.coldex.fi\/fi\/wp-content\/uploads\/vectors\/automaattinen_sulatusj\u00e4rjestelm\u00e4-80x80.png 80w, https:\/\/kk.coldex.fi\/fi\/wp-content\/uploads\/vectors\/automaattinen_sulatusj\u00e4rjestelm\u00e4-300x300.png 300w, https:\/\/kk.coldex.fi\/fi\/wp-content\/uploads\/vectors\/automaattinen_sulatusj\u00e4rjestelm\u00e4-100x100.png 100w, https:\/\/kk.coldex.fi\/fi\/wp-content\/uploads\/vectors\/automaattinen_sulatusj\u00e4rjestelm\u00e4.png 352w\" sizes=\"(max-width: 65px) 100vw, 65px\" \/><\/a><\/p>\n","protected":false},"featured_media":8068,"comment_status":"open","ping_status":"closed","template":"","meta":[],"product_cat":[429],"product_tag":[109],"yoast_head":"<!-- This site is optimized with the Yoast SEO plugin v21.7 - https:\/\/yoast.com\/wordpress\/plugins\/seo\/ -->\n<title>COMBI AS25 | Coldex<\/title>\n<meta name=\"description\" content=\"COMBI AS25. Omakoneellinen kombipakastin on pakastekaapin ja pakastealtaan yhdistelm\u00e4.\" \/>\n<meta name=\"robots\" content=\"index, follow, max-snippet:-1, max-image-preview:large, max-video-preview:-1\" \/>\n<link rel=\"canonical\" href=\"https:\/\/kk.coldex.fi\/fi\/kauppa\/uncategorized\/combi-as25\/\" \/>\n<meta property=\"og:locale\" content=\"fi_FI\" \/>\n<meta property=\"og:type\" content=\"article\" \/>\n<meta property=\"og:title\" content=\"COMBI AS25 | Coldex\" \/>\n<meta property=\"og:description\" content=\"COMBI AS25. Omakoneellinen kombipakastin on pakastekaapin ja pakastealtaan yhdistelm\u00e4.\" \/>\n<meta property=\"og:url\" content=\"https:\/\/kk.coldex.fi\/fi\/kauppa\/uncategorized\/combi-as25\/\" \/>\n<meta property=\"og:site_name\" content=\"Coldex\" \/>\n<meta property=\"article:modified_time\" content=\"2022-03-11T13:08:19+00:00\" \/>\n<meta property=\"og:image\" content=\"https:\/\/kk.coldex.fi\/fi\/wp-content\/uploads\/\u0420\u0438\u0441\u0443\u043d\u043e\u043a1.jpg\" \/>\n\t<meta property=\"og:image:width\" content=\"710\" \/>\n\t<meta property=\"og:image:height\" content=\"751\" \/>\n\t<meta property=\"og:image:type\" content=\"image\/jpeg\" \/>\n<script type=\"application\/ld+json\" class=\"yoast-schema-graph\">{\"@context\":\"https:\/\/schema.org\",\"@graph\":[{\"@type\":\"WebPage\",\"@id\":\"https:\/\/kk.coldex.fi\/fi\/kauppa\/uncategorized\/combi-as25\/\",\"url\":\"https:\/\/kk.coldex.fi\/fi\/kauppa\/uncategorized\/combi-as25\/\",\"name\":\"COMBI AS25 | Coldex\",\"isPartOf\":{\"@id\":\"https:\/\/kk.coldex.fi\/fi\/#website\"},\"datePublished\":\"2022-03-11T09:06:14+00:00\",\"dateModified\":\"2022-03-11T13:08:19+00:00\",\"description\":\"COMBI AS25. Omakoneellinen kombipakastin on pakastekaapin ja pakastealtaan yhdistelm\u00e4.\",\"breadcrumb\":{\"@id\":\"https:\/\/kk.coldex.fi\/fi\/kauppa\/uncategorized\/combi-as25\/#breadcrumb\"},\"inLanguage\":\"fi\",\"potentialAction\":[{\"@type\":\"ReadAction\",\"target\":[\"https:\/\/kk.coldex.fi\/fi\/kauppa\/uncategorized\/combi-as25\/\"]}]},{\"@type\":\"BreadcrumbList\",\"@id\":\"https:\/\/kk.coldex.fi\/fi\/kauppa\/uncategorized\/combi-as25\/#breadcrumb\",\"itemListElement\":[{\"@type\":\"ListItem\",\"position\":1,\"name\":\"Home\",\"item\":\"https:\/\/kk.coldex.fi\/fi\/\"},{\"@type\":\"ListItem\",\"position\":2,\"name\":\"Tuotevalikoima\",\"item\":\"https:\/\/kk.coldex.fi\/fi\/tilaus\/kauppa\/\"},{\"@type\":\"ListItem\",\"position\":3,\"name\":\"COMBI AS25\"}]},{\"@type\":\"WebSite\",\"@id\":\"https:\/\/kk.coldex.fi\/fi\/#website\",\"url\":\"https:\/\/kk.coldex.fi\/fi\/\",\"name\":\"Coldex\",\"description\":\"Kylm\u00e4laitteet ammattilliseen k\u00e4ytt\u00f6\u00f6n\",\"potentialAction\":[{\"@type\":\"SearchAction\",\"target\":{\"@type\":\"EntryPoint\",\"urlTemplate\":\"https:\/\/kk.coldex.fi\/fi\/?s={search_term_string}\"},\"query-input\":\"required name=search_term_string\"}],\"inLanguage\":\"fi\"}]}<\/script>\n<!-- \/ Yoast SEO plugin. -->","yoast_head_json":{"title":"COMBI AS25 | Coldex","description":"COMBI AS25. Omakoneellinen kombipakastin on pakastekaapin ja pakastealtaan yhdistelm\u00e4.","robots":{"index":"index","follow":"follow","max-snippet":"max-snippet:-1","max-image-preview":"max-image-preview:large","max-video-preview":"max-video-preview:-1"},"canonical":"https:\/\/kk.coldex.fi\/fi\/kauppa\/uncategorized\/combi-as25\/","og_locale":"fi_FI","og_type":"article","og_title":"COMBI AS25 | Coldex","og_description":"COMBI AS25. Omakoneellinen kombipakastin on pakastekaapin ja pakastealtaan yhdistelm\u00e4.","og_url":"https:\/\/kk.coldex.fi\/fi\/kauppa\/uncategorized\/combi-as25\/","og_site_name":"Coldex","article_modified_time":"2022-03-11T13:08:19+00:00","og_image":[{"width":710,"height":751,"url":"https:\/\/kk.coldex.fi\/fi\/wp-content\/uploads\/\u0420\u0438\u0441\u0443\u043d\u043e\u043a1.jpg","type":"image\/jpeg"}],"schema":{"@context":"https:\/\/schema.org","@graph":[{"@type":"WebPage","@id":"https:\/\/kk.coldex.fi\/fi\/kauppa\/uncategorized\/combi-as25\/","url":"https:\/\/kk.coldex.fi\/fi\/kauppa\/uncategorized\/combi-as25\/","name":"COMBI AS25 | Coldex","isPartOf":{"@id":"https:\/\/kk.coldex.fi\/fi\/#website"},"datePublished":"2022-03-11T09:06:14+00:00","dateModified":"2022-03-11T13:08:19+00:00","description":"COMBI AS25. Omakoneellinen kombipakastin on pakastekaapin ja pakastealtaan yhdistelm\u00e4.","breadcrumb":{"@id":"https:\/\/kk.coldex.fi\/fi\/kauppa\/uncategorized\/combi-as25\/#breadcrumb"},"inLanguage":"fi","potentialAction":[{"@type":"ReadAction","target":["https:\/\/kk.coldex.fi\/fi\/kauppa\/uncategorized\/combi-as25\/"]}]},{"@type":"BreadcrumbList","@id":"https:\/\/kk.coldex.fi\/fi\/kauppa\/uncategorized\/combi-as25\/#breadcrumb","itemListElement":[{"@type":"ListItem","position":1,"name":"Home","item":"https:\/\/kk.coldex.fi\/fi\/"},{"@type":"ListItem","position":2,"name":"Tuotevalikoima","item":"https:\/\/kk.coldex.fi\/fi\/tilaus\/kauppa\/"},{"@type":"ListItem","position":3,"name":"COMBI AS25"}]},{"@type":"WebSite","@id":"https:\/\/kk.coldex.fi\/fi\/#website","url":"https:\/\/kk.coldex.fi\/fi\/","name":"Coldex","description":"Kylm\u00e4laitteet ammattilliseen k\u00e4ytt\u00f6\u00f6n","potentialAction":[{"@type":"SearchAction","target":{"@type":"EntryPoint","urlTemplate":"https:\/\/kk.coldex.fi\/fi\/?s={search_term_string}"},"query-input":"required name=search_term_string"}],"inLanguage":"fi"}]}},"_links":{"self":[{"href":"https:\/\/kk.coldex.fi\/fi\/wp-json\/wp\/v2\/product\/8067"}],"collection":[{"href":"https:\/\/kk.coldex.fi\/fi\/wp-json\/wp\/v2\/product"}],"about":[{"href":"https:\/\/kk.coldex.fi\/fi\/wp-json\/wp\/v2\/types\/product"}],"replies":[{"embeddable":true,"href":"https:\/\/kk.coldex.fi\/fi\/wp-json\/wp\/v2\/comments?post=8067"}],"wp:featuredmedia":[{"embeddable":true,"href":"https:\/\/kk.coldex.fi\/fi\/wp-json\/wp\/v2\/media\/8068"}],"wp:attachment":[{"href":"https:\/\/kk.coldex.fi\/fi\/wp-json\/wp\/v2\/media?parent=8067"}],"wp:term":[{"taxonomy":"product_cat","embeddable":true,"href":"https:\/\/kk.coldex.fi\/fi\/wp-json\/wp\/v2\/product_cat?post=8067"},{"taxonomy":"product_tag","embeddable":true,"href":"https:\/\/kk.coldex.fi\/fi\/wp-json\/wp\/v2\/product_tag?post=8067"}],"curies":[{"name":"wp","href":"https:\/\/api.w.org\/{rel}","templated":true}]}}

<table width="128">
<tbody>
<tr>
<td colspan="2" width="128">Omakoneellinen käytetty ja kunnostettu kombipakastin Carrier Compilon 1985G &#8211; kaappipakastin + pakasteallas yhdistelmä.</td>
</tr>
<tr>
<td>• Valmistusvuosi 2011-2013</td>
</tr>
<tr>
<td>• Valaistut säilytystilat</td>
</tr>
<tr>
<td>• 3 lasiovea</td>
</tr>
</tbody>
</table>
<h4></h4>

<p>Propane vertical top merchandiser COMBI AS25 for frozen products<br />
Enhances the attractiveness and order in the freezer shelf<br />
In combination with the freezer cabinets, they allow you to have a vertical display of the frozen product, increasing its visual appeal while maintaining the sale of bulk or bagged product in the lower cabinet<br />
Lenght: 2500 mm (4 doors)</p>
<p>&nbsp;</p>
<p>Ulkomitat: P1150 x S880 x K2500 mm</p>
<p>Lämpötila-alue: -15.. -25°C</p>
<p>Tilavuus: 1175 L</p>
<p>Paino: 415 kg</p>
<p><a href="https://kk.coldex.fi/fi/wp-content/uploads/vectors/pakastekaluste.png"><img decoding="async" loading="lazy" class="alignnone wp-image-3153" title="pakastekaluste" src="https://kk.coldex.fi/fi/wp-content/uploads/vectors/pakastekaluste-80x80.png" alt="pakastekaluste" width="65" height="65" srcset="https://kk.coldex.fi/fi/wp-content/uploads/vectors/pakastekaluste-80x80.png 80w, https://kk.coldex.fi/fi/wp-content/uploads/vectors/pakastekaluste-300x300.png 300w, https://kk.coldex.fi/fi/wp-content/uploads/vectors/pakastekaluste-100x100.png 100w, https://kk.coldex.fi/fi/wp-content/uploads/vectors/pakastekaluste.png 353w" sizes="(max-width: 65px) 100vw, 65px" /></a>  <a href="https://kk.coldex.fi/fi/wp-content/uploads/vectors/omakoneellinen.png"><img decoding="async" loading="lazy" class="alignnone wp-image-3152" title="omakoneellinen" src="https://kk.coldex.fi/fi/wp-content/uploads/vectors/omakoneellinen-80x80.png" alt="omakoneellinen" width="65" height="65" srcset="https://kk.coldex.fi/fi/wp-content/uploads/vectors/omakoneellinen-80x80.png 80w, https://kk.coldex.fi/fi/wp-content/uploads/vectors/omakoneellinen-300x300.png 300w, https://kk.coldex.fi/fi/wp-content/uploads/vectors/omakoneellinen-100x100.png 100w, https://kk.coldex.fi/fi/wp-content/uploads/vectors/omakoneellinen.png 354w" sizes="(max-width: 65px) 100vw, 65px" /></a>  <a href="https://kk.coldex.fi/fi/wp-content/uploads/vectors/automaattinen_sulatusjärjestelmä.png"><img decoding="async" loading="lazy" class="alignnone wp-image-3139" title="automaattinen_sulatusjärjestelmä" src="https://kk.coldex.fi/fi/wp-content/uploads/vectors/automaattinen_sulatusjärjestelmä-80x80.png" alt="automaattinen_sulatusjärjestelmä" width="65" height="65" srcset="https://kk.coldex.fi/fi/wp-content/uploads/vectors/automaattinen_sulatusjärjestelmä-80x80.png 80w, https://kk.coldex.fi/fi/wp-content/uploads/vectors/automaattinen_sulatusjärjestelmä-300x300.png 300w, https://kk.coldex.fi/fi/wp-content/uploads/vectors/automaattinen_sulatusjärjestelmä-100x100.png 100w, https://kk.coldex.fi/fi/wp-content/uploads/vectors/automaattinen_sulatusjärjestelmä.png 352w" sizes="(max-width: 65px) 100vw, 65px" /></a></p>

<!-- This site is optimized with the Yoast SEO plugin v21.7 - https://yoast.com/wordpress/plugins/seo/ -->
<title>COMBI AS25 | Coldex</title>
<meta name="description" content="COMBI AS25. Omakoneellinen kombipakastin on pakastekaapin ja pakastealtaan yhdistelmä." />
<meta name="robots" content="index, follow, max-snippet:-1, max-image-preview:large, max-video-preview:-1" />
<link rel="canonical" href="https://kk.coldex.fi/fi/kauppa/uncategorized/combi-as25/" />
<meta property="og:locale" content="fi_FI" />
<meta property="og:type" content="article" />
<meta property="og:title" content="COMBI AS25 | Coldex" />
<meta property="og:description" content="COMBI AS25. Omakoneellinen kombipakastin on pakastekaapin ja pakastealtaan yhdistelmä." />
<meta property="og:url" content="https://kk.coldex.fi/fi/kauppa/uncategorized/combi-as25/" />
<meta property="og:site_name" content="Coldex" />
<meta property="article:modified_time" content="2022-03-11T13:08:19+00:00" />
<meta property="og:image" content="https://kk.coldex.fi/fi/wp-content/uploads/Рисунок1.jpg" />
	<meta property="og:image:width" content="710" />
	<meta property="og:image:height" content="751" />
	<meta property="og:image:type" content="image/jpeg" />
<script type="application/ld+json" class="yoast-schema-graph">{"@context":"https://schema.org","@graph":[{"@type":"WebPage","@id":"https://kk.coldex.fi/fi/kauppa/uncategorized/combi-as25/","url":"https://kk.coldex.fi/fi/kauppa/uncategorized/combi-as25/","name":"COMBI AS25 | Coldex","isPartOf":{"@id":"https://kk.coldex.fi/fi/#website"},"datePublished":"2022-03-11T09:06:14+00:00","dateModified":"2022-03-11T13:08:19+00:00","description":"COMBI AS25. Omakoneellinen kombipakastin on pakastekaapin ja pakastealtaan yhdistelmä.","breadcrumb":{"@id":"https://kk.coldex.fi/fi/kauppa/uncategorized/combi-as25/#breadcrumb"},"inLanguage":"fi","potentialAction":[{"@type":"ReadAction","target":["https://kk.coldex.fi/fi/kauppa/uncategorized/combi-as25/"]}]},{"@type":"BreadcrumbList","@id":"https://kk.coldex.fi/fi/kauppa/uncategorized/combi-as25/#breadcrumb","itemListElement":[{"@type":"ListItem","position":1,"name":"Home","item":"https://kk.coldex.fi/fi/"},{"@type":"ListItem","position":2,"name":"Tuotevalikoima","item":"https://kk.coldex.fi/fi/tilaus/kauppa/"},{"@type":"ListItem","position":3,"name":"COMBI AS25"}]},{"@type":"WebSite","@id":"https://kk.coldex.fi/fi/#website","url":"https://kk.coldex.fi/fi/","name":"Coldex","description":"Kylmälaitteet ammattilliseen käyttöön","potentialAction":[{"@type":"SearchAction","target":{"@type":"EntryPoint","urlTemplate":"https://kk.coldex.fi/fi/?s={search_term_string}"},"query-input":"required name=search_term_string"}],"inLanguage":"fi"}]}</script>
<!-- / Yoast SEO plugin. -->

COMBI AS25. Omakoneellinen kombipakastin on pakastekaapin ja pakastealtaan yhdistelmä.

https://kk.coldex.fi/fi/wp-content/uploads/Рисунок1.jpg

Kylmälaitteet ammattilliseen käyttöön
